3
What is the greatest common factor of 196579440 and 4080?
240
What is the highest common factor of 118961 and 662542?
337
Calculate the greatest common divisor of 1203475136 and 48.
16
Calculate the greatest common divisor of 84 and 280625205.
21
Calculate the greatest common divisor of 19908 and 62272.
28
Calculate the highest common divisor of 274487 and 10123.
53
Calculate the greatest common factor of 18119332 and 1555994.
14542
What is the highest common factor of 14951552 and 1056?
352
Calculate the highest common divisor of 5534 and 2304584494.
5534
What is the greatest common divisor of 9836640 and 9?
9
Calculate the highest common factor of 61506 and 76806.
306
Calculate the greatest common divisor of 228618 and 10863.
9
What is the highest common factor of 209694 and 4125?
3
Calculate the highest common factor of 19843395 and 435.
435
What is the highest common factor of 19971732 and 55451?
781
Calculate the highest common divisor of 1353760 and 160.
160
Calculate the highest common factor of 1141 and 16499.
7
What is the greatest common factor of 1323624 and 264?
24
What is the highest common divisor of 745472 and 10556?
364
What is the greatest common divisor of 248 and 720891422?
62
What is the highest common divisor of 342832 and 20848?
16
What is the greatest common divisor of 1480 and 522101080?
1480
What is the highest common divisor of 5819256 and 48?
24
What is the highest common factor of 44278 and 15381496?
3406
Calculate the greatest common divisor of 184 and 1006718.
2
What is the highest common divisor of 132924091 and 7585?
1517
What is the greatest common divisor of 294207 and 44679?
843
Calculate the highest common factor of 3162 and 590988.
102
Calculate the greatest common divisor of 4611 and 6094350.
87
What is the greatest common factor of 1727415 and 1495?
115
What is the highest common divisor of 81541544 and 168?
56
What is the greatest common factor of 360 and 40508010?
90
Calculate the greatest common factor of 1189523 and 7943.
47
What is the highest common factor of 14 and 53192930?
14
What is the greatest common divisor of 15544 and 5198664?
536
What is the greatest common divisor of 2522 and 1806818?
26
Calculate the highest common factor of 3864 and 1177288.
56
What is the greatest common divisor of 329839 and 415168?
499
Calculate the greatest common divisor of 20700496 and 193384.
8408
Calculate the highest common divisor of 356 and 103508.
4
What is the greatest common divisor of 87 and 17903121?
87
Calculate the greatest common factor of 23849025 and 150.
75
Calculate the greatest common divisor of 868 and 5317102.
14
Calculate the highest common factor of 22104 and 10142973.
2763
What is the highest common divisor of 6502161 and 57?
57
Calculate the highest common divisor of 3724 and 354221.
49
Calculate the highest common divisor of 164225975 and 25.
25
Calculate the greatest common factor of 8878047 and 5366.
2683
Calculate the greatest common divisor of 39878586 and 124.
62
Calculate the greatest common factor of 422415 and 42845397.
3129
What is the highest common factor of 314 and 12320418?
314
Calculate the greatest common factor of 16815143 and 282.
47
Calculate the highest common factor of 239677907 and 3577.
511
Calculate the greatest common factor of 49690722 and 61.
61
What is the greatest common factor of 1074550 and 80?
10
Calculate the greatest common divisor of 176885 and 2720.
85
What is the highest common divisor of 20619 and 360003?
237
What is the highest common divisor of 585 and 68389470?
45
Calculate the highest common divisor of 38740218 and 759.
33
Calculate the greatest common factor of 82160910 and 36270.
1170
Calculate the highest common divisor of 188181 and 2175.
87
What is the greatest common factor of 12923542 and 78107?
2111
What is the highest common factor of 53888 and 16538564?
1684
Calculate the highest common factor of 731927691 and 22.
11
Calculate the greatest common divisor of 105 and 1891169.
7
What is the highest common divisor of 63255 and 151380?
15
Calculate the highest common factor of 418 and 44255332.
418
Calculate the greatest common factor of 51 and 168786591.
51
Calculate the highest common divisor of 4202658 and 317106.
4014
What is the highest common divisor of 93958 and 1050778?
862
What is the greatest common factor of 110079 and 166941?
729
Calculate the greatest common divisor of 6878704 and 4564.
28
What is the greatest common divisor of 8326 and 583182?
362
What is the highest common divisor of 2750 and 40161?
11
What is the greatest common divisor of 17712 and 6990705?
1107
Calculate the highest common divisor of 2193 and 424152.
129
What is the highest common factor of 2863299746 and 157?
157
What is the highest common factor of 226917879 and 13553?
13553
Calculate the highest common factor of 64748770 and 14725.
2945
Calculate the highest common factor of 67628 and 8404.
44
Calculate the highest common divisor of 32937 and 672.
3
Calculate the highest common factor of 113745 and 45690.
15
What is the highest common factor of 1130480 and 7360?
80
What is the greatest common divisor of 10120463 and 94?
47
Calculate the greatest common factor of 3754 and 18903267.
1877
What is the highest common factor of 8340093 and 268?
67
Calculate the greatest common divisor of 1164173877 and 2781.
2781
Calculate the highest common divisor of 3060 and 246922110.
1530
What is the greatest common factor of 295445736 and 40?
8
Calculate the greatest common divisor of 13124 and 471929197.
3281
What is the greatest common factor of 1045509039 and 54?
27
What is the greatest common factor of 19535725 and 825?
275
Calculate the highest common factor of 7882 and 10182418.
1126
Calculate the greatest common factor of 19808244 and 11316.
276
Calculate the greatest common divisor of 217021 and 9349619.
4429
Calculate the greatest common factor of 488058 and 114.
6
What is the highest common factor of 5400 and 16190475?
75
What is the highest common divisor of 1983513 and 24969?
609
Calculate the highest common factor of 86 and 167649862.
86
Calculate the highest common factor of 1206 and 8911278.
18
Calculate the highest common factor of 203791625 and 19.
19
Calculate the highest common divisor of 766290 and 10530030.
8610
Calculate the highest common divisor of 11121271 and 14.
7
What is the highest common factor of 185 and 75789505?
185
Calculate the highest common divisor of 34 and 6836702.
2
Calculate the greatest common divisor of 644105 and 231.
77
What is the highest common factor of 27 and 80338689?
27
Calculate the highest common divisor of 1950 and 1282950.
150
Calculate the greatest common factor of 47919 and 858.
3
Calculate the greatest common divisor of 32563836 and 22896.
5724
Calculate the greatest common divisor of 48 and 321619216.
16
What is the highest common factor of 511 and 360036?
73
Calculate the greatest common factor of 10251933 and 48.
3
What is the highest common factor of 87006762 and 8046?
2682
What is the greatest common divisor of 1190 and 1472422?
14
What is the greatest common factor of 791225 and 175?
25
Calculate the highest common divisor of 44965746 and 21.
21
Calculate the greatest common factor of 11903860 and 4150.
830
What is the greatest common divisor of 35271333 and 18?
9
Calculate the highest common factor of 462 and 16601178.
66
Calculate the highest common factor of 62610 and 6440.
10
Calculate the highest common divisor of 48 and 317008.
16
Calculate the highest common divisor of 375595439 and 1387.
1387
Calculate the highest common factor of 428504 and 33582.
58
Calculate the highest common factor of 5848 and 2205512.
136
Calculate the highest common factor of 7526 and 282437.
53
Calculate the greatest common divisor of 11665946 and 754.
58
Calculate the highest common divisor of 27 and 17999694.
9
What is the greatest common factor of 18 and 56347344?
18
Calculate the highest common factor of 137211925 and 52695.
5855
Calculate the highest common divisor of 272 and 13288848.
16
Calculate the highest common factor of 13635 and 29468265.
1515
What is the highest common divisor of 171448 and 126904?
232
Calculate the greatest common divisor of 169654 and 190.
2
Calculate the highest common factor of 12 and 44